-3).
-9
Let b(z) = -z + 7. What is b(-6)?
13
Let f(w) = -8*w**3 + 16*w**2 - 2*w + 2. Determine f(2).
-2
Let d(b) = 58*b - 8. Calculate d(0).
-8
Let t(z) = 2*z - 13. Determine t(18).
23
Let m(z) = -3*z**2 + 3*z - 3. What is m(-3)?
-39
Let d(r) = 3*r**2 + 4*r - 3. Determine d(-6).
81
Let d(t) = -t**2 - 3*t - 10. Determine d(-6).
-28
Let g(x) = -x**3 - 13*x**2 - 8*x - 97. Give g(-13).
7
Let m(h) = h**3 - 7*h - 1. Give m(4).
35
Let t(s) = s**2 + 15*s - 27. Give t(-12).
-63
Let l(g) = g**3 + 5*g**2 - 9*g - 40. Determine l(-4).
12
Let m(n) = -12*n - 58. Determine m(-5).
2
Let b(u) = u**2 + 13*u + 9. Determine b(-7).
-33
Let w(j) = 22*j**3 + 3*j**2 - j - 1. Determine w(1).
23
Let y(s) = -5*s - 7. Calculate y(7).
-42
Let v(x) = -x + 5. Give v(-6).
11
Let l(r) = r**2 - 12*r + 29. What is l(3)?
2
Let k(p) = 18*p - 142. Calculate k(8).
2
Let g(y) = -y**3 - 6*y**2 - y. Calculate g(-6).
6
Let j(a) = 5*a - 48. Give j(0).
-48
Let q(v) = -10*v**3 - 2*v**2 - v. Give q(-1).
9
Let x(w) = w**2 - 17*w - 36. What is x(19)?
2
Let h(a) = -4*a + 7. Determine h(7).
-21
Let p(h) = -5*h + 1. Calculate p(-6).
31
Let l(u) = u**3 - 3*u**2 - 8*u + 7. Calculate l(5).
17
Let f(q) = q**2 + 8*q + 9. Give f(-7).
2
Let r(a) = -23*a + 638. Give r(28).
-6
Let f(x) = -3*x**2 + 3*x + 10. Determine f(-2).
-8
Let h(y) = -y**3 + 6*y**2 - 4*y + 3. Determine h(5).
8
Let k(j) = -9*j - 13. Determine k(-1).
-4
Let q(x) = x**3 + 13*x**2 + 27*x - 23. Calculate q(-10).
7
Let s(v) = -11*v**2 + 2*v - 1. Determine s(-2).
-49
Let b(t) = -7*t**2 + 117*t + 36. What is b(17)?
2
Let u(l) = 3*l**3 - 71*l**2 - 24*l + 1. Give u(24).
1
Let c(m) = 2*m**3 + 13*m**2 - 11*m - 15. Give c(-7).
13
Let g(i) = i**2 - 3*i - 40. Give g(-4).
-12
Let s(x) = -12*x**3 + 61*x**2 - 6*x - 2. What is s(5)?
-7
Let x(j) = 2*j**2 - 7*j - 12. Give x(5).
3
Let j(b) = -b**2 - 13*b - 6. Determine j(-6).
36
Let h(b) = 2*b + 9. Calculate h(0).
9
Let t(p) = 53*p - 1. Calculate t(-1).
-54
Let p(c) = -c**2 - 24*c - 85. Determine p(-20).
-5
Let g(i) = -i**3 + 5*i**2 + 6*i - 8. What is g(6)?
-8
Let h(q) = 77*q**3 + q**2 + 2*q + 2. Give h(-1).
-76
Let v(o) = o**3 - 4*o**2 - o - 3. Give v(4).
-7
Let s(f) = f**2 - 8*f - 6. What is s(6)?
-18
Let h(i) = -27*i + 34. Determine h(-4).
142
Let b(q) = 6*q + 116. What is b(-21)?
-10
Let m(y) = -y**3 + 13*y**2 + 32*y - 35. Calculate m(15).
-5
Let q(c) = -10*c**2 - 63*c - 12. What is q(-6)?
6
Let s(p) = 5*p**2 + 174*p - 39. Give s(-35).
-4
Let w(b) = b**3 - 5*b**2 - 13*b + 1. Determine w(7).
8
Let a(v) = v**3 - 9*v**2 - 9*v - 4. Calculate a(10).
6
Let j(h) = -2*h**2 + 4*h + 17. Give j(5).
-13
Let q(g) = -g**2 + 11*g - 1. What is q(5)?
29
Let x(f) = -2*f**3 + 22*f**2 + 24*f - 2. Determine x(12).
-2
Let h(w) = 13*w - 2. What is h(1)?
11
Let j(y) = 109*y + 5. Determine j(1).
114
Let s(v) = -v**3 - 9*v**2 - 9*v + 17. Calculate s(-8).
25
Let g(q) = -2*q**3 + 2*q**2 + q. Calculate g(3).
-33
Let y(l) = -l**2 + 3*l + 1. Determine y(4).
-3
Let y(b) = 35*b + 8. Determine y(-1).
-27
Let t(o) = o**2 + 10*o - 140. What is t(8)?
4
Let c(w) = 3*w + 2. Give c(-2).
-4
Let t(s) = -10*s**2 + 17*s - 16. What is t(1)?
-9
Let r(j) = 51*j - 1. What is r(1)?
50
Let y(d) = -d**2 + 18*d - 47. Determine y(15).
-2
Let x(f) = 42*f**3 - 2*f**2 + 1. Give x(1).
41
Let m(z) = -z**3 - 20*z**2 + 41*z - 30. Give m(-22).
36
Let q(j) = j**2 - 7*j - 75. Give q(-7).
23
Let c(g) = -4*g + 6. Give c(3).
-6
Let j(w) = -w**3 - 7*w**2 - 5*w - 12. Determine j(-6).
-18
Let g(n) = -n**3 - 11*n**2 - 3*n - 3. Determine g(-11).
30
Let u(y) = 6*y**2 + 4*y + 3. Calculate u(0).
3
Let q(u) = -u**2 - 29*u - 103. Determine q(-4).
-3
Let q(k) = 2*k + 53. Give q(-22).
9
Let a(q) = 9*q - 88. Give a(10).
2
Let f(x) = 2*x**2 - 13*x - 27. What is f(8)?
-3
Let a(n) = -n**2 - 9*n + 10. Determine a(-7).
24
Let x(c) = -c**3 + 3*c**2 + 4*c - 4. Calculate x(4).
-4
Let x(s) = s**2 - 3*s - 15. Determine x(5).
-5
Let v(h) = 2*h + 7. What is v(-6)?
-5
Let l(u) = 3*u - 63. Calculate l(20).
-3
Let c(o) = 3*o**3 - 2*o**2. Calculate c(2).
16
Let r(y) = y**3 - y**2 - 4*y + 1. Determine r(-2).
-3
Let n(w) = -31*w**3 - 1. Calculate n(-1).
30
Let w(h) = 14*h**2 - 61*h + 17. Calculate w(4).
-3
Let b(j) = j**3 + 28*j**2 + 185*j + 95. What is b(-18)?
5
Let u(q) = -q**3 + 14*q**2 - 13*q - 113. What is u(12)?
19
Let i(b) = -7*b**2. Determine i(-2).
-28
Let c(v) = v**3 - 19*v**2 - 38*v + 19. What is c(21)?
103
Let g(j) = -13*j + 2. Determine g(0).
2
Let u(b) = -b**2 - 7*b. What is u(-6)?
6
Let h(q) = -q**3 + 4*q**2 + 5*q + 1. What is h(5)?
1
Let s(c) = c**2 + 6*c - 8. What is s(-8)?
8
Let k(j) = -18*j - 328. Give k(-18).
-4
Let q(w) = w**3 - 5*w**2 - 2*w + 1. What is q(6)?
25
Let t(d) = 5*d + 57. Give t(-8).
17
Let g(m) = -4*m + 2. Give g(6).
-22
Let r(j) = -6*j. Determine r(-1).
6
Let t(n) = 2*n**3 - 4*n**2 - 2*n + 2. Determine t(-2).
-26
Let c(a) = a**2 - 10*a - 5. Determine c(12).
19
Let y(n) = -15*n + 2. Give y(1).
-13
Let u(i) = -i**2 + 2*i + 11. Calculate u(5).
-4
Let h(z) = -3*z**3 - 2*z**2 + 17*z - 30. Calculate h(2).
-28
Let d(h) = h**3 - 11*h**2 + 29*h - 10. Calculate d(8).
30
Let u(c) = 4*c**3 + 4*c**2 + c - 2. What is u(-2)?
-20
Let o(c) = -c**3 - c**2 - 2*c - 1. Determine o(-2).
7
Let k(v) = -3*v**3 - v**2 + 6*v - 4. Determine k(1).
-2
Let o(r) = -r**3 + 9*r**2 - 8*r + 3. What is o(8)?
3
Let f(t) = t**2 - 14*t + 23. Determine f(6).
-25
Let j(r) = -r**3 - 8*r**2 - 5*r - 1. Determine j(-5).
-51
Let h(o) = -4*o - 44. Determine h(-16).
20
Let w(l) = l**3 - 3*l**2 + 6*l - 9. Give w(3).
9
Let a(w) = -8*w**2 + 8*w - 13. Calculate a(4).
-109
Let q(c) = 2*c**3 - 3*c**2 - 2*c + 13. Calculate q(-4).
-155
Let d(h) = -2*h. Calculate d(3).
-6
Let l(n) = 3*n - 60. Determine l(17).
-9
Let i(u) = u**3 + 2*u**2 + 13. Give i(-3).
4
Let j(v) = 2*v**2 - 9*v - 10. Calculate j(7).
25
Let h(v) = -3*v + 25. What is h(11)?
-8
Let b(u) = u**3 - 8*u**2 + u - 4. Determine b(8).
4
Let a(v) = v**3 - 17*v**2 + 2*v - 25. Give a(17).
9
Let d(z) = -121*z - 1086. What is d(-9)?
3
Let f(a) = a - 15. Give f(13).
-2
Let b(u) = -2*u**3 + 11*u**2 - 3*u - 12. Give b(6).
-66
Let h(f) = -f**2 - 15*f + 24. Give h(-17).
-10
Let r(i) = -4*i**3 - 5*i + 4. Give r(1).
-5
Let h(r) = r**2 - 31*r - 415. Calculate h(41).
-5
Let t(h) = -h**3 + 7*h**2 + 2*h - 12. Give t(7).
2
Let c(j) = -j**2 + 225*j - 674. Give c(3).
-8
Let v(o) = 6*o + 31. Give v(-6).
-5
Let u(w) = -17*w**2 - 2*w - 3. Calculate u(-2).
-67
Let n(s) = s**2 + 4*s + 9. Give n(-3).
6
Let i(w) = -14*w + 12. Give i(-1).
26
Let o(a) = -a**3 - 11*a**2 + 16*a + 32. Give o(-10).
-228
Let x(q) = 7*q + 18. Calculate x(-3).
-3
Let o(m) = -m**3 - 8*m**2 - 11*m + 1. Give o(-6).
-5
Let b(x) = -x**2 - 22*x + 21. Give b(-23).
-2
Let w(i) = i**2 - 13. What is w(6)?
23
Let u(z) = z**2 + 8. Determine u(5).
33
Let x(g) = g**2 - 17*g + 2. Determine x(16).
-14
Let n(m) = -m**3 - 8*m**2 - 10*m + 14. Determine n(-3).
-1
Let f(y) = -21*y + 37. Give f(9).
-152
Let c(s) = s**3 + 28*s**2 - 5*s - 29. Give c(-28).
111
Let a(f) = 2*f**3 + 3*f**2 + f - 1. Determine a(-2).
-7
Let y(x) = -x**3 + 11*x**2 - x - 21. Calculate y(11).
-32
Let j(h) = -h - 17. Determine j(17).
-34
Let x(f) = -3*f - 8. Determine x(11).
-41
Let l(p) = 2*p**3 - 17*p**2 - 4*p - 18. Determine l(9).
27
Let b(f) = 2*f - 8. What is b(-3)?
-14
Let l(d) = -2*d**2 - 2*d + 3. Give l(1).
-1
Let f(x) = x**3 + 16*x**2 - 3*x - 27. What is f(-16)?
21
Let u(v) = v**3 - 3*v**2 + 4*v. Determine u(3).
12
Let q(c) = c**3 + 2*c**2 - 3*c + 2. Calculate q(1).
2
Let w(t) = -31*t - 3. Give w(2).
-65
Let a(q) = -2*q**3 - 4*q**2 - 3*q - 1. Determine a(-3).
26
Let u(w) = w**2 - 9*w + 8. Determine u(6).
-10
Let v(k) = 2*k + 19. Calculate v(-9).
1
Let h(r) = -r**3 + 13*r**2 + 11*r + 11. Calculate h(14).
-31
Let i(q) = -q**3 - 10*q**2 - 10*q - 5. Give i(-9).
4
Let r(a) = 25*a - 186. Give r(8).
14
Let u(g) = -6*g + 17. Determine u(2).
5
Let v(x) = -x**3 + 8*x**2 - 3*x + 1. Determine v(8).
-23
Let z(s) = -3*s + 65. Calculate z(20).
5
Let l(c) = 4*c**2 + 3*c - 2. What is l(1)?
5
Let n(j) = 49*j + 246. What is n(-5)?
1
Let n(x) = -3*x**2 + 16*x + 1. Determine n(6).
-11
Let i(p) = p**3 + 14*p**2 - 12*p + 37. Give i(-15).
-8
Let w(m) = -m**2 + 2*m - 7. What is w(0)?
-7
Let y(h) = -h**2 + 2*h + 36. Give y(7).
1
Let p(a) = -a**2 - 11*a + 34. Calculate p(-15